{"id":44,"date":"2019-12-30T23:13:23","date_gmt":"2019-12-30T23:13:23","guid":{"rendered":"http:\/\/kf-oppen.de\/?page_id=44"},"modified":"2025-09-28T12:44:22","modified_gmt":"2025-09-28T12:44:22","slug":"vorstandschaft","status":"publish","type":"page","link":"https:\/\/kf-moseltal.de\/?page_id=44","title":{"rendered":"Vorstandschaft"},"content":{"rendered":"\n<div class=\"wp-block-media-text alignwide is-stacked-on-mobile\" style=\"grid-template-columns:23% auto\"><figure class=\"wp-block-media-text__media\"><img loading=\"lazy\" decoding=\"async\" width=\"387\" height=\"531\" src=\"https:\/\/kf-moseltal.de\/wp-content\/uploads\/2025\/09\/Herbert.jpg\" alt=\"\" class=\"wp-image-1142 size-full\" srcset=\"https:\/\/kf-moseltal.de\/wp-content\/uploads\/2025\/09\/Herbert.jpg 387w, https:\/\/kf-moseltal.de\/wp-content\/uploads\/2025\/09\/Herbert-219x300.jpg 219w\" sizes=\"auto, (max-width: 387px) 100vw, 387px\" \/><\/figure><div class=\"wp-block-media-text__content\">\n<p><strong><strong><br><\/strong><\/strong><\/p>\n\n\n\n<p><strong><strong>Herbert Boesen<strong><br>Pr\u00e4sident<br>Trassem<br>Herbert wurde 2025 in sein Amt gew\u00e4hlt.  <\/strong><br><br><\/strong><\/strong><\/p>\n<\/div><\/div>\n\n\n\n<h6><br><br><\/h6>\n\n\n\n<div class=\"wp-block-media-text alignwide is-stacked-on-mobile is-vertically-aligned-center\" style=\"grid-template-columns:23% auto\"><figure class=\"wp-block-media-text__media\"><img loading=\"lazy\" decoding=\"async\" width=\"335\" height=\"473\" src=\"https:\/\/kf-moseltal.de\/wp-content\/uploads\/2025\/09\/Ed.jpg\" alt=\"\" class=\"wp-image-1143 size-full\" srcset=\"https:\/\/kf-moseltal.de\/wp-content\/uploads\/2025\/09\/Ed.jpg 335w, https:\/\/kf-moseltal.de\/wp-content\/uploads\/2025\/09\/Ed-212x300.jpg 212w\" sizes=\"auto, (max-width: 335px) 100vw, 335px\" \/><\/figure><div class=\"wp-block-media-text__content\">\n<p class=\"has-text-align-left\"><strong>Edmond Muller<br>2. Vorsitzender<br>Wehr<br>Edmond wurde am 2025 in sein Amt gew\u00e4hlt.  <\/strong><\/p>\n<\/div><\/div>\n\n\n\n<div class=\"wp-block-media-text alignwide is-stacked-on-mobile\" style=\"grid-template-columns:23% auto\"><figure class=\"wp-block-media-text__media\"><img loading=\"lazy\" decoding=\"async\" width=\"605\" height=\"804\" src=\"http:\/\/kf-moseltal.de\/wp-content\/uploads\/2019\/12\/IMG.jpg\" alt=\"\" class=\"wp-image-45 size-full\" srcset=\"https:\/\/kf-moseltal.de\/wp-content\/uploads\/2019\/12\/IMG.jpg 605w, https:\/\/kf-moseltal.de\/wp-content\/uploads\/2019\/12\/IMG-226x300.jpg 226w\" sizes=\"auto, (max-width: 605px) 100vw, 605px\" \/><\/figure><div class=\"wp-block-media-text__content\">\n<p><strong>Fr\u00e9d\u00e9ric Becker<\/strong><br><strong>Schriftf\u00fchrer<br>MAMER &#8211; Luxemburg<br>Fr\u00e9deric wurde am 2024 in sein Amt gew\u00e4hlt.<br><\/strong>Er hatte das Pr\u00e4sidentenamt 12 Jahre inne. (2009-2021)<\/p>\n<\/div><\/div>\n\n\n<div class=\"wp-block-group\">&nbsp;<\/div>\n\n\n<div class=\"wp-block-media-text alignwide is-stacked-on-mobile\" style=\"grid-template-columns:24% auto\"><figure class=\"wp-block-media-text__media\"><img loading=\"lazy\" decoding=\"async\" width=\"403\" height=\"554\" src=\"https:\/\/kf-moseltal.de\/wp-content\/uploads\/2025\/09\/Reuter.jpg\" alt=\"\" class=\"wp-image-1144 size-full\" srcset=\"https:\/\/kf-moseltal.de\/wp-content\/uploads\/2025\/09\/Reuter.jpg 403w, https:\/\/kf-moseltal.de\/wp-content\/uploads\/2025\/09\/Reuter-218x300.jpg 218w\" sizes=\"auto, (max-width: 403px) 100vw, 403px\" \/><\/figure><div class=\"wp-block-media-text__content\">\n<p><strong>Michael Reuter<br>Helfant<\/strong><br><strong>Sportdirektor<br><\/strong><\/p>\n<\/div><\/div>\n\n\n\n<div class=\"wp-block-media-text alignwide is-stacked-on-mobile\" style=\"grid-template-columns:24% auto\"><figure class=\"wp-block-media-text__media\"><img loading=\"lazy\" decoding=\"async\" width=\"768\" height=\"1024\" src=\"https:\/\/kf-moseltal.de\/wp-content\/uploads\/2025\/02\/IMG-20231224-WA0012-768x1024.jpg\" alt=\"\" class=\"wp-image-1108 size-full\" srcset=\"https:\/\/kf-moseltal.de\/wp-content\/uploads\/2025\/02\/IMG-20231224-WA0012-768x1024.jpg 768w, https:\/\/kf-moseltal.de\/wp-content\/uploads\/2025\/02\/IMG-20231224-WA0012-225x300.jpg 225w, https:\/\/kf-moseltal.de\/wp-content\/uploads\/2025\/02\/IMG-20231224-WA0012-1152x1536.jpg 1152w, https:\/\/kf-moseltal.de\/wp-content\/uploads\/2025\/02\/IMG-20231224-WA0012.jpg 1536w\" sizes=\"auto, (max-width: 768px) 100vw, 768px\" \/><\/figure><div class=\"wp-block-media-text__content\">\n<p><strong>Oliver Kirsch<br>Kassierer<br>Helfant<br><\/strong><\/p>\n<\/div><\/div>\n\n\n\n<div class=\"wp-block-media-text alignwide is-stacked-on-mobile\" style=\"grid-template-columns:24% auto\"><figure class=\"wp-block-media-text__media\"><img loading=\"lazy\" decoding=\"async\" width=\"683\" height=\"1024\" src=\"https:\/\/kf-moseltal.de\/wp-content\/uploads\/2025\/09\/6404ca9f-1136-4b82-b0a8-a15e3edd7390-683x1024.jpg\" alt=\"\" class=\"wp-image-1146 size-full\" srcset=\"https:\/\/kf-moseltal.de\/wp-content\/uploads\/2025\/09\/6404ca9f-1136-4b82-b0a8-a15e3edd7390-683x1024.jpg 683w, https:\/\/kf-moseltal.de\/wp-content\/uploads\/2025\/09\/6404ca9f-1136-4b82-b0a8-a15e3edd7390-200x300.jpg 200w, https:\/\/kf-moseltal.de\/wp-content\/uploads\/2025\/09\/6404ca9f-1136-4b82-b0a8-a15e3edd7390-768x1152.jpg 768w, https:\/\/kf-moseltal.de\/wp-content\/uploads\/2025\/09\/6404ca9f-1136-4b82-b0a8-a15e3edd7390.jpg 1024w\" sizes=\"auto, (max-width: 683px) 100vw, 683px\" \/><\/figure><div class=\"wp-block-media-text__content\">\n<p><strong>David Jeanpaul<br>Medienbeauftragter<br>Bettembourg<br><\/strong><\/p>\n<\/div><\/div>\n","protected":false},"excerpt":{"rendered":"<p>Herbert BoesenPr\u00e4sidentTrassemHerbert wurde 2025 in sein Amt gew\u00e4hlt. Edmond Muller2. VorsitzenderWehrEdmond wurde am 2025 in sein Amt gew\u00e4hlt. Fr\u00e9d\u00e9ric BeckerSchriftf\u00fchrerMAMER &#8211; LuxemburgFr\u00e9deric wurde am 2024 in sein Amt gew\u00e4hlt.Er hatte das Pr\u00e4sidentenamt 12 Jahre inne. (2009-2021) &nbsp; Michael ReuterHelfantSportdirektor Oliver &hellip; <a href=\"https:\/\/kf-moseltal.de\/?page_id=44\">Weiterlesen <span class=\"meta-nav\">&rarr;<\/span><\/a><\/p>\n","protected":false},"author":1,"featured_media":0,"parent":0,"menu_order":0,"comment_status":"closed","ping_status":"closed","template":"","meta":{"_coblocks_attr":"","_coblocks_dimensions":"","_coblocks_responsive_height":"","_coblocks_accordion_ie_support":"","footnotes":""},"class_list":["post-44","page","type-page","status-publish","hentry"],"_links":{"self":[{"href":"https:\/\/kf-moseltal.de\/index.php?rest_route=\/wp\/v2\/pages\/44","targetHints":{"allow":["GET"]}}],"collection":[{"href":"https:\/\/kf-moseltal.de\/index.php?rest_route=\/wp\/v2\/pages"}],"about":[{"href":"https:\/\/kf-moseltal.de\/index.php?rest_route=\/wp\/v2\/types\/page"}],"author":[{"embeddable":true,"href":"https:\/\/kf-moseltal.de\/index.php?rest_route=\/wp\/v2\/users\/1"}],"replies":[{"embeddable":true,"href":"https:\/\/kf-moseltal.de\/index.php?rest_route=%2Fwp%2Fv2%2Fcomments&post=44"}],"version-history":[{"count":3,"href":"https:\/\/kf-moseltal.de\/index.php?rest_route=\/wp\/v2\/pages\/44\/revisions"}],"predecessor-version":[{"id":1171,"href":"https:\/\/kf-moseltal.de\/index.php?rest_route=\/wp\/v2\/pages\/44\/revisions\/1171"}],"wp:attachment":[{"href":"https:\/\/kf-moseltal.de\/index.php?rest_route=%2Fwp%2Fv2%2Fmedia&parent=44"}],"curies":[{"name":"wp","href":"https:\/\/api.w.org\/{rel}","templated":true}]}}